inder when 2565 is divided by 854.
3
Calculate the remainder when 4277 is divided by 5.
2
Calculate the remainder when 3004 is divided by 101.
75
Calculate the remainder when 1400 is divided by 154.
14
Calculate the remainder when 65 is divided by 23.
19
Calculate the remainder when 467 is divided by 25.
17
What is the remainder when 1064 is divided by 236?
120
Calculate the remainder when 55 is divided by 34.
21
Calculate the remainder when 273 is divided by 56.
49
Calculate the remainder when 98 is divided by 18.
8
What is the remainder when 2835 is divided by 48?
3
Calculate the remainder when 5159 is divided by 14.
7
Calculate the remainder when 152 is divided by 40.
32
Calculate the remainder when 619 is divided by 20.
19
What is the remainder when 161 is divided by 61?
39
What is the remainder when 908 is divided by 70?
68
Calculate the remainder when 1179 is divided by 131.
0
Calculate the remainder when 62 is divided by 19.
5
What is the remainder when 513 is divided by 63?
9
Calculate the remainder when 418 is divided by 53.
47
Calculate the remainder when 437 is divided by 142.
11
What is the remainder when 1938 is divided by 129?
3
Calculate the remainder when 2158 is divided by 94.
90
What is the remainder when 206 is divided by 15?
11
What is the remainder when 18825 is divided by 67?
65
What is the remainder when 135 is divided by 69?
66
What is the remainder when 474 is divided by 5?
4
What is the remainder when 1121 is divided by 279?
5
What is the remainder when 513 is divided by 503?
10
Calculate the remainder when 3924 is divided by 13.
11
Calculate the remainder when 53 is divided by 51.
2
What is the remainder when 83 is divided by 76?
7
Calculate the remainder when 5392 is divided by 54.
46
Calculate the remainder when 163 is divided by 53.
4
Calculate the remainder when 419 is divided by 10.
9
What is the remainder when 49 is divided by 18?
13
Calculate the remainder when 2077 is divided by 2055.
22
What is the remainder when 196 is divided by 31?
10
Calculate the remainder when 29806 is divided by 36.
34
What is the remainder when 1752 is divided by 568?
48
Calculate the remainder when 55 is divided by 10.
5
Calculate the remainder when 242 is divided by 150.
92
Calculate the remainder when 2088 is divided by 38.
36
What is the remainder when 232 is divided by 140?
92
What is the remainder when 4120 is divided by 1368?
16
Calculate the remainder when 9635 is divided by 51.
47
Calculate the remainder when 438 is divided by 44.
42
What is the remainder when 65 is divided by 17?
14
Calculate the remainder when 4568 is divided by 415.
3
Calculate the remainder when 19399 is divided by 8.
7
Calculate the remainder when 799 is divided by 25.
24
Calculate the remainder when 8832 is divided by 155.
152
Calculate the remainder when 164 is divided by 20.
4
What is the remainder when 12742 is divided by 8?
6
What is the remainder when 20 is divided by 17?
3
What is the remainder when 1028 is divided by 204?
8
What is the remainder when 899 is divided by 6?
5
What is the remainder when 693 is divided by 620?
73
What is the remainder when 182 is divided by 46?
44
What is the remainder when 125 is divided by 40?
5
Calculate the remainder when 522 is divided by 59.
50
Calculate the remainder when 97 is divided by 20.
17
What is the remainder when 101 is divided by 18?
11
What is the remainder when 1393 is divided by 1390?
3
Calculate the remainder when 2336 is divided by 1164.
8
What is the remainder when 349 is divided by 4?
1
What is the remainder when 146 is divided by 15?
11
What is the remainder when 173 is divided by 45?
38
Calculate the remainder when 1150 is divided by 105.
100
Calculate the remainder when 171 is divided by 13.
2
What is the remainder when 200 is divided by 51?
47
What is the remainder when 6453 is divided by 31?
5
What is the remainder when 660 is divided by 74?
68
What is the remainder when 12327 is divided by 11?
7
Calculate the remainder when 215 is divided by 111.
104
What is the remainder when 679 is divided by 83?
15
What is the remainder when 59 is divided by 43?
16
Calculate the remainder when 252 is divided by 64.
60
Calculate the remainder when 686 is divided by 43.
41
What is the remainder when 299 is divided by 60?
59
What is the remainder when 271 is divided by 34?
33
What is the remainder when 65 is divided by 41?
24
Calculate the remainder when 2554 is divided by 848.
10
What is the remainder when 40 is divided by 24?
16
Calculate the remainder when 23 is divided by 3.
2
Calculate the remainder when 4414 is divided by 138.
136
Calculate the remainder when 78 is divided by 12.
6
What is the remainder when 348 is divided by 41?
20
What is the remainder when 109 is divided by 50?
9
What is the remainder when 9568 is divided by 33?
31
What is the remainder when 676 is divided by 10?
6
What is the remainder when 161 is divided by 33?
29
Calculate the remainder when 978 is divided by 15.
3
What is the remainder when 104 is divided by 19?
9
Calculate the remainder when 232 is divided by 9.
7
What is the remainder when 326 is divided by 82?
80
Calculate the remainder when 3533 is divided by 38.
37
What is the remainder when 104 is divided by 15?
14
What is the remainder when 12693 is divided by 35?
23
Calculate the remainder when 449 is divided by 156.
137
What is the remainder when 71 is divided by 31?
9
What is the remainder when 2350 is divided by 20?
10
Calculate the remainder when 248 is divided by 11.
6
What is the remainder when 542 is divided by 8?
6
What is the remainder when 176 is divided by 87?
2
Calculate the remainder when 507 is divided by 2.
1
Calculate the remainder when 31 is divided by 26.
5
Calculate the remainder when 2929 is divided by 98.
87
Calculate the remainder when 2241 is divided by 187.
184
What is the remainder when 94 is divided by 26?
16
What is the remainder when 825 is divided by 6?
3
Calculate the remainder when 54 is divided by 14.
12
What is the remainder when 819 is divided by 26?
13
Calculate the remainder when 11254 is divided by 146.
12
Calculate the remainder when 24 is divided by 7.
3
Calculate the remainder when 3999 is divided by 366.
339
Calculate the remainder when 1002 is divided by 252.
246
What is the remainder when 30 is divided by 11?
8
Calculate the remainder when 517 is divided by 102.
7
Calculate the remainder when 513 is divided by 6.
3
What is the remainder when 11589 is divided by 446?
439
Calculate the remainder when 354 is divided by 34.
14
Calculate the remainder when 306 is divided by 7.
5
Calculate the remainder when 82 is divided by 37.
8
What is the remainder when 3033 is divided by 41?
40
Calculate the remainder when 2543 is divided by 70.
23
Calculate the remainder when 11535 is divided by 14.
13
Calculate the remainder when 49 is divided by 29.
20
What is the remainder when 170 is divided by 70?
30
What is the remainder when 14947 is divided by 202?
201
What is the remainder when 247 is divided by 57?
19
What is the remainder when 21 is divided by 14?
7
What is the remainder when 5510 is divided by 104?
102
What is the remainder when 1077 is divided by 98?
97
Calculate the remainder when 1886 is divided by 625.
11
What is the remainder when 1878 is divided by 99?
96
What is the remainder when 254 is divided by 9?
2
Calculate the remainder when 498 is divided by 37.
17
Calculate the remainder when 997 is divided by 10.
7
What is the remainder when 813 is divided by 208?
189
Calculate the remainder when 442 is divided by 74.
72
Calculate the remainder when 57 is divided by 23.
11
What is the remainder when 114 is divided by 41?
32
Calculate the remainder when 1581 is divided by 144.
141
What is the remainder when 73 is divided by 7?
3
What is the remainder when 479 is divided by 21?
17
What is the remainder when 18 is divided by 3?
0
What is the remainder when 1104 is divided by 258?
72
Calculate the remainder when 549 is divided by 181.
6
Calculate the remainder when 24 is divided by 14.
10
What is the remainder when 163 is divided by 24?
19
Calculate the remainder when 466 is divided by 76.
10
What is the remainder when 2881 is divided by 26?
21
Calculate the remainder when 44 is divided by 29.
15
What is the remainder when 784 i